**2 + 8*z - 5. Determine t(j).
10
Let z(n) be the first derivative of -n**3/3 - 4*n**2 - 9*n - 19. Determine z(-7).
-2
Let s(o) be the first derivative of o**4/4 - o + 52. Determine s(-3).
-28
Let n(q) = 6*q - 14. Let l be n(7). Let b(d) = -l + 50 - 22 - d. Determine b(-2).
2
Let w(d) = 4*d**2 + 7*d - 4. Let m(u) = -11*u**2 - 21*u + 12. Let l be 1 + -3 + (-48)/8. Let j(q) = l*w(q) - 3*m(q). Calculate j(-8).
4
Suppose 4*f = 2*f - 18. Let p(q) = -q**2 - 8*q + 6. What is p(f)?
-3
Let l be 42/(-9)*(-12)/8. Suppose h - 5 = l. Let n be ((-6)/(-8))/(3/h). Let f(m) = m**2 - 4*m + 4. What is f(n)?
1
Let p = -7 + 14. Let u(i) = 12*i + 21. Let v(x) = -8*x - 14. Let l(q) = p*v(q) + 5*u(q). Let r(w) = 4*w + 7. Let s(c) = 2*l(c) - 3*r(c). Determine s(-5).
13
Suppose -5*z = 23 - 8, -r = 3*z - 1. Suppose 1 = 2*m - 5. Suppose t = m*t - r. Let k(u) = u - 5. Determine k(t).
0
Let v(l) = -l**3 - 7*l**2 - 6*l - 4. Let g be (-1)/((-2)/(-4)) - -46. Let i(u) = -4*u + 2. Let p be i(-9). Let j = p - g. Give v(j).
-4
Let u(v) be the second derivative of -v**4/4 - 5*v**3/6 - v**2 + 3*v + 9. Determine u(-4).
-30
Let b(j) = -j**3 - 7*j**2 - 2*j - 3. Suppose 4*z + 12 = 0, f = -2*f - 2*z + 183. Let r be (-427)/f + 4/(-18). Determine b(r).
11
Let f = 28 - 39. Let t = f + 13. Let v(m) = 2*m - 3*m + 2*m**2 - m**t - 1 - 2. Determine v(3).
3
Let w(v) = v**2 + 26*v + 156. Let k be w(-17). Let m(y) be the second derivative of 3*y - 1/2*y**k + 0 - 2*y**2. What is m(-3)?
5
Let r(d) = -8*d**2 + 3*d + 3. Let y(a) = -5*a**2 + 2*a + 2. Let x(b) = -2*r(b) + 3*y(b). What is x(-5)?
25
Let r(l) = 12 - 17 + 21 + 3*l - 2*l. What is r(-11)?
5
Let a(p) be the first derivative of -p**2 + 10*p + 1. Suppose 0 = -1661*l + 1666*l - 45. Determine a(l).
-8
Let m(n) = 5*n - 9. Suppose 5*b = l - 7, 0 = -l - 2*l - 4*b + 2. Suppose 8 = l*d + 2*o, 16 = 3*d + 2*o + 2. Calculate m(d).
21
Let p be (-8)/5 + 74/(-185). Let w(o) = 7*o**2 + 3*o. What is w(p)?
22
Let w(f) = -f**2 - 18*f - 2. Let t(m) = -m**2 - 26*m - 3. Let u(x) = 5*t(x) - 7*w(x). Give u(2).
-1
Let o be (-2)/(-10) + (-156)/30. Let k be (o - 1)/((-6)/4). Let c be k/6 - 32/12. Let t(n) = 2*n**3 + 4*n**2 + 3*n + 1. Calculate t(c).
-5
Suppose -13*m + 394 = 147. Let x(l) = -l**3 + 21*l**2 - 38*l - 4. What is x(m)?
-4
Let a(v) = v**2 - v - 1. Let y be ((-28)/40*4 - -2)*5. Let d(b) = 3*b**2 - 8*b - 3. Let g(w) = y*a(w) + d(w). Calculate g(-5).
-4
Let k(b) = -3 - 3*b + 1 - 7 - 7. Calculate k(-6).
2
Let i(v) = v**3 + v**2 - 2*v + 2. Let z be i(0). Let t(r) = -1 + 10*r - 12*r + 6*r - 3 - r**z. What is t(5)?
-9
Let t(w) be the second derivative of 23*w**3/6 + 152*w. What is t(2)?
46
Let p(c) = 4*c + 10. Let m(k) = k + 2. Let q(z) = -11*m(z) + 2*p(z). Let l(n) = -n**3 - 2*n**2 - 3*n - 3. Let r be l(-2). Give q(r).
-11
Suppose 8*t + 128 - 136 = 0. Let o(j) = 29*j - 1. Give o(t).
28
Let z(y) = 60*y - 6. Let q(o) = 21*o - 2. Let p(r) = -14*q(r) + 5*z(r). Determine p(3).
16
Let d(k) = -15*k - 7. Let i(g) = 23*g + 10. Let f(x) = 7*d(x) + 5*i(x). Let n = -274 - -275. Determine f(n).
11
Let b(w) = w**3 + w**2 - 2*w - 1. Let s(c) = c**3 + 4*c**2 + 4*c. Let o be s(-2). Let h(x) = 4*x - 3. Let v be h(o). Determine b(v).
-13
Let x(d) = -d**2 - 7*d + 4. Let b be x(-6). Let l = 13 - b. Let t(p) = 0*p**l + 3*p**2 - 2*p**2 + p**3. Determine t(-1).
0
Let r be (-42)/(-49)*(-14)/3. Let m(d) = 3*d + 1. What is m(r)?
-11
Let k(f) = 5*f. Suppose -5*c - 2*h - 83 = 0, 3*h = -c + 2*c + 3. Let o be (-7)/((-35)/(-2))*c/(-3). Give k(o).
-10
Let h be -1*(-4)/(2*-2). Let v(n) be the second derivative of -7*n**5/20 + n**3/3 + n**2/2 - 18*n. Let r be v(h). Let a(f) = -f**3 + 6*f**2 + 8. Calculate a(r).
8
Let b(v) = -10*v. Let x(m) = m**3 + 10*m**2 + m + 9. Let g be x(-10). Determine b(g).
10
Suppose 16*v - 66 = 27*v. Let l(w) = -w + 5. Calculate l(v).
11
Let x(d) = -2*d - 8. Let w(o) = 5*o + 23. Let y(t) = 4*w(t) + 11*x(t). Let n = 54 + -59. Give y(n).
14
Let c(r) = 0*r + 3*r - 6*r + 3*r**2. Let f = -52 - -54. Suppose 3*l = -f*l + 4*s - 6, 2*l + s - 8 = 0. What is c(l)?
6
Let b(x) be the third derivative of 1/8*x**4 + 4*x**2 - 1/60*x**5 - 1/6*x**3 + 0*x + 0. Calculate b(4).
-5
Let g(j) = j**2 + 11*j + 2. Let n be g(-11). Let s(l) = -8*l**n - l + 2*l + 9*l**2 - 4*l. Suppose 0 = 2*r - 3*x - 20, r + 3*x + 3 + 5 = 0. Give s(r).
4
Let l = 2 + -9. Let k(t) = -3*t + 25*t + 7 - 14*t - 6*t. Calculate k(l).
-7
Let n(j) = -3*j + 45. Let o be n(19). Let h be (6/(-4))/(9/o). Suppose 6*b + 24 = h*b. Let c(p) = p**3 + 7*p**2 + 7*p - 8. Give c(b).
-14
Let q(h) be the third derivative of -5*h**2 + 0 - 5/6*h**3 + 0*h**5 + 0*h - 1/360*h**6 - 1/4*h**4. Let z(d) be the first derivative of q(d). Calculate z(0).
-6
Let t(n) be the first derivative of 5/2*n**2 - 3*n + 4 + 1/3*n**3. What is t(-6)?
3
Suppose -23 = -5*p - 8. Let a(d) = d**2 + 29*d**3 + 8 - 4*d - 7*d**2 - 28*d**p. Determine a(6).
-16
Let a(m) = -2*m - 9. Let p be a(-6). Suppose p*z = 5*z - 16. Let j(t) be the first derivative of t**2/2 - 4*t - 190. Calculate j(z).
4
Let f(w) = -w + 3. Let m = 72 - 72. Suppose m*z = 9*z + 54. Give f(z).
9
Let t(h) = 4*h + 1 + 0*h - 18*h. Suppose 10 = -8*i + 2. Determine t(i).
15
Let g(t) = 24 + 21 - 43 - 9*t + 11*t + t**2. Let n be 6 - 7 - (1 - -1). Calculate g(n).
5
Let b(i) = i**3 + 7*i**2 + 3*i - 8. Suppose -w - 2*w - 2 = -2*m, w = -2. Let f be m*7*8/(-28). Suppose 2*y - 32 = -h + 5*h, 2*h + 4*y = f. Determine b(h).
10
Let v be -1*2 - 0 - -3. Let a(j) = 27*j + 4. Let b(x) = -300*x - 45. Let m(f) = -45*a(f) - 4*b(f). Calculate m(v).
-15
Suppose -19 - 8 = -f. Suppose -7*s - f = -10*s. Let y(a) = -a + 5. Determine y(s).
-4
Suppose 3 + 13 = 4*w. Suppose -4 = 5*q - w*q. Let o(y) be the second derivative of y**3/3 - 3*y**2/2 - 11*y. Give o(q).
-11
Let h be 8/(-12) + 7/(-3). Let t(g) = -11*g - 7. Let k(a) = 5*a + 3. Let j(n) = -7*k(n) - 3*t(n). What is j(h)?
6
Let l(p) = -p - 2. Let g be l(-3). Let j(f) = -6*f**2 + 15*f**2 - 171 + 81 + 89 + 2*f. Determine j(g).
10
Let x(y) = 7*y**2 - 1 + 14*y**3 - 7*y - y**2 - 3 - 13*y**3. Suppose 3*r + 17 = -2*h, -2*h + 0*h - 13 = -r. What is x(h)?
-4
Let t(f) = 4*f**2 - f - 4. Let k(w) = -5*w**2 + 2*w + 5. Let x(m) = -2*k(m) - 3*t(m). Let i be (1/4)/((-1)/(-8)). Determine x(i).
-8
Let u(o) = -6*o + 50. Let p(c) = c - 21. Let m(j) = 3*p(j) + u(j). Determine m(-5).
2
Suppose -3*h + h = 5*v - 93, -5*v + 100 = -5*h. Let s = v - 21. Let i(u) = -3*u + 1. What is i(s)?
7
Let w = 32 - 10. Suppose 3*o + 3 - w = 5*z, 0 = -5*o - 3*z + 9. Let a(f) = -f**3 + 4*f**2 + f - 3. Give a(o).
9
Let w = 28 + -26. Let c(t) = w*t**2 + 4*t + 1 + 1 - 2*t. Determine c(-2).
6
Let q = 31 - 33. Let a be 5 - (2/1)/q. Let j(p) = -p**3 + 6*p**2 - p - 1. Calculate j(a).
-7
Let a(m) = 9*m**2 + 5*m. Let v(y) = 7*y**2 + 5*y + 1. Let o(h) = -3*a(h) + 4*v(h). Calculate o(-6).
10
Let q(t) be the third derivative of t**4/24 - 3*t**3/2 - 3*t**2 - 6*t. What is q(9)?
0
Let c(z) be the first derivative of 7/4*z**4 + 0*z - 21 + 1/2*z**2 - 2/3*z**3. Determine c(1).
6
Let m(y) be the second derivative of -y**5/20 - 2*y**4/3 - 4*y**3/3 + 2*y - 14. Calculate m(-7).
7
Let c(m) = -13*m**3 - 2*m**2 + m + 2. Suppose 0 = -30*i - 40 + 10. Calculate c(i).
12
Let b(y) = 25*y**3 - 5*y - 18. Let s(x) = 6*x**3 - x - 4. Let a(g) = 2*b(g) - 9*s(g). Let r(n) = 2*n**2 - 1. Let d be r(-1). Give a(d).
-5
Let a(u) = 3*u. Let o be 6/(-27) + 120/54. Let b(w) = -34 - o*w + 34. Let c(g) = 3*a(g) + 5*b(g). Calculate c(-3).
3
Let l(g) = g**2 + g. Let r(u) = -4*u**2 - u - 1. Let z(a) = 5*l(a) + r(a). Let p be -5 + 2 - (-2 + -7). Let f = p + -8. Determine z(f).
-5
Let w(j) be the third derivative of 1/120*j**6 + 0 + 15*j**2 + 1/15*j**5 + 0*j - 1/24*j**4 - 5/6*j**3. Give w(-4).
-1
Suppose 0 = -7*u + 133 - 28. Let j(w) = w**3 - 16*w**2 + 16*w - 19. Calculate j(u).
-4
Suppose 3*i + t = 4, -2*i + 3*t = -3*i - 12. Suppose x + 5*v = 24, 0*x = -x - i*v + 16. Let y(f) = 11 + f + 3*f**2 - 1 - f**3 - 5. Calculate y(x).
-7
Let z(p) be the second derivative of p**4/12 + p**3 + 4*p**2 + 3*p + 16. Determine z(-5).
3
Let y be (3 - -12) + (2 - 6). Let a = -26 + y. Let z be -1*2*a/(-10). Let i(g) = -g**2 - 8*g - 4. Determine i(z).
11
Let r(y) = y + 2. Let j = -721 - -714. Calculate r(j).
-5
Let v(w) be the second derivative of w**6/60 + 2*w**3/3 - 8*w. Let k(b) be the secon